{"id":177,"date":"2015-02-11T13:18:03","date_gmt":"2015-02-11T12:18:03","guid":{"rendered":"https:\/\/salettiner.ch\/?page_id=177"},"modified":"2017-01-13T23:46:35","modified_gmt":"2017-01-13T22:46:35","slug":"bibelgruppen","status":"publish","type":"page","link":"https:\/\/salettiner.ch\/?page_id=177","title":{"rendered":"Bibelgruppe"},"content":{"rendered":"<div class=\"post\">\n<p>Gemeinschaft kommen wir in Jesu Namen zusammen, weil wir seiner Zusage glauben:\u00a0Wo zwei oder drei in meinem Namen versammelt sind, da bin ich mitten unter ihnen.\u00a0Wir loben Gott f\u00fcr seine G\u00fcte, erbitten den Heiligen Geist, lauschen dem Wort Jesu, tauschen uns dar\u00fcber aus und beten f\u00fcreinander. Das lebendige Wort Gottes ist uns eine unersch\u00f6pfliche Quelle der Weisheit, der Kraft und der Freude. Wer sich von Jesus und seinem Wort ansprechen l\u00e4sst, der erf\u00e4hrt die Kraft und die Wahrhaftigkeit seines Wortes! Wagst du es auch?<\/p>\n<\/div>\n<p><strong>Alter<br \/>\n<\/strong>alle<\/p>\n<p><strong>Zeit<br \/>\n<\/strong>Jeden Mittwoch um 19.00 Uhr<\/p>\n<p><strong>Ort<br \/>\n<\/strong>Missionshaus Untere Waid<\/p>\n<p><strong>Weitere Infos bei<br \/>\n<\/strong>P. Piotr Zaba MS<br \/>\nMissionshaus Untere Waid<br \/>\nPostfach 92<br \/>\nCH-9402 M\u00f6rschwil<br \/>\nTel. 071 868 79 80<br \/>\nE-Mail:\u00a0<a href=\"mailto:zabcia@bluemail.ch\">zabcia@bluemail.ch<\/a><\/p>\n","protected":false},"excerpt":{"rendered":"<p>Gemeinschaft kommen wir in Jesu Namen zusammen, weil wir seiner Zusage glauben:\u00a0Wo zwei oder drei in meinem Namen versammelt sind, da bin ich mitten unter ihnen.\u00a0Wir loben Gott f\u00fcr seine G\u00fcte, erbitten den Heiligen Geist, lauschen dem Wort Jesu, tauschen uns dar\u00fcber aus und beten f\u00fcreinander. Das lebendige Wort Gottes ist uns eine unersch\u00f6pfliche Quelle [&hellip;]<\/p>\n","protected":false},"author":1,"featured_media":0,"parent":16,"menu_order":0,"comment_status":"open","ping_status":"open","template":"","meta":{"_bbp_topic_count":0,"_bbp_reply_count":0,"_bbp_total_topic_count":0,"_bbp_total_reply_count":0,"_bbp_voice_count":0,"_bbp_anonymous_reply_count":0,"_bbp_topic_count_hidden":0,"_bbp_reply_count_hidden":0,"_bbp_forum_subforum_count":0,"_monsterinsights_skip_tracking":false,"_monsterinsights_sitenote_active":false,"_monsterinsights_sitenote_note":"","_monsterinsights_sitenote_category":0},"_links":{"self":[{"href":"https:\/\/salettiner.ch\/index.php?rest_route=\/wp\/v2\/pages\/177"}],"collection":[{"href":"https:\/\/salettiner.ch\/index.php?rest_route=\/wp\/v2\/pages"}],"about":[{"href":"https:\/\/salettiner.ch\/index.php?rest_route=\/wp\/v2\/types\/page"}],"author":[{"embeddable":true,"href":"https:\/\/salettiner.ch\/index.php?rest_route=\/wp\/v2\/users\/1"}],"replies":[{"embeddable":true,"href":"https:\/\/salettiner.ch\/index.php?rest_route=%2Fwp%2Fv2%2Fcomments&post=177"}],"version-history":[{"count":9,"href":"https:\/\/salettiner.ch\/index.php?rest_route=\/wp\/v2\/pages\/177\/revisions"}],"predecessor-version":[{"id":2325,"href":"https:\/\/salettiner.ch\/index.php?rest_route=\/wp\/v2\/pages\/177\/revisions\/2325"}],"up":[{"embeddable":true,"href":"https:\/\/salettiner.ch\/index.php?rest_route=\/wp\/v2\/pages\/16"}],"wp:attachment":[{"href":"https:\/\/salettiner.ch\/index.php?rest_route=%2Fwp%2Fv2%2Fmedia&parent=177"}],"curies":[{"name":"wp","href":"https:\/\/api.w.org\/{rel}","templated":true}]}}