{"id":159,"date":"2015-02-11T13:10:38","date_gmt":"2015-02-11T12:10:38","guid":{"rendered":"https:\/\/salettiner.ch\/?page_id=159"},"modified":"2017-01-27T14:49:46","modified_gmt":"2017-01-27T13:49:46","slug":"balzers","status":"publish","type":"page","link":"https:\/\/salettiner.ch\/?page_id=159","title":{"rendered":"Balzers"},"content":{"rendered":"<p>Das Missionshaus Gutenberg wurde 1935 gegr\u00fcndet. Zuerst diente es als Lyzeum f\u00fcr die Sch\u00fcler der Unteren Waid, dann seit 1985 als Bildungshaus f\u00fcr die Jugend- und Erwachsenbildung.<\/p>\n<p>Diese Kommunit\u00e4t besteht aus sechs Mitgliedern, von denen die meistens im Pensionsalter sind. Die j\u00fcngeren sind in verschiedenen Arten der Seelsorge grunds\u00e4tzlich in der Schweiz (Seelsorgeeinheit Werdenberg) t\u00e4tig.<\/p>\n<p><strong>Missionshaus Gutenberg<\/strong><br \/>\nBurgweg 8<br \/>\nFL-9496 Balzers<br \/>\nTel. 00423 388 11 11<br \/>\nFax 00423 388 11 35<br \/>\nPC 90-6243-1<br \/>\nE-Mail <a href=\"mailto:salettiner.gutenberg@gmail.com\">salettiner.gutenberg@gmail.com<\/a><\/p>\n<p><strong>Bildungshaus Haus Gutenberg<\/strong><br \/>\nDas Haus Gutenberg in Balzers ist eine Stiftung, eine Begegnungsst\u00e4tte f\u00fcr Jugendliche und Erwachsene. Es bietet ein vielf\u00e4ltiges Programm von Kursen an und steht offen auch f\u00fcr Gastkurse.<\/p>\n<p><strong>Haus Gutenberg<br \/>\n<\/strong>Bildungs- und Seminarhaus<br \/>\nBurgweg 8<br \/>\nFL-9496 Balzers<br \/>\nTel. 00423 388 11 33<br \/>\nFax 00423 388 11 35<br \/>\nPC 90-615-6<br \/>\nE-Mail: <a href=\"mailto:gutenberg@haus-gutenberg.li\">gutenberg@haus-gutenberg.li<\/a><br \/>\nInternet:\u00a0<a href=\"http:\/\/www.haus-gutenberg.li\">www.haus-gutenberg.li<\/a><\/p>\n","protected":false},"excerpt":{"rendered":"<p>Das Missionshaus Gutenberg wurde 1935 gegr\u00fcndet. Zuerst diente es als Lyzeum f\u00fcr die Sch\u00fcler der Unteren Waid, dann seit 1985 als Bildungshaus f\u00fcr die Jugend- und Erwachsenbildung. Diese Kommunit\u00e4t besteht aus sechs Mitgliedern, von denen die meistens im Pensionsalter sind. Die j\u00fcngeren sind in verschiedenen Arten der Seelsorge grunds\u00e4tzlich in der Schweiz (Seelsorgeeinheit Werdenberg) t\u00e4tig. [&hellip;]<\/p>\n","protected":false},"author":1,"featured_media":0,"parent":157,"menu_order":0,"comment_status":"open","ping_status":"open","template":"","meta":{"_bbp_topic_count":0,"_bbp_reply_count":0,"_bbp_total_topic_count":0,"_bbp_total_reply_count":0,"_bbp_voice_count":0,"_bbp_anonymous_reply_count":0,"_bbp_topic_count_hidden":0,"_bbp_reply_count_hidden":0,"_bbp_forum_subforum_count":0,"_monsterinsights_skip_tracking":false,"_monsterinsights_sitenote_active":false,"_monsterinsights_sitenote_note":"","_monsterinsights_sitenote_category":0},"_links":{"self":[{"href":"https:\/\/salettiner.ch\/index.php?rest_route=\/wp\/v2\/pages\/159"}],"collection":[{"href":"https:\/\/salettiner.ch\/index.php?rest_route=\/wp\/v2\/pages"}],"about":[{"href":"https:\/\/salettiner.ch\/index.php?rest_route=\/wp\/v2\/types\/page"}],"author":[{"embeddable":true,"href":"https:\/\/salettiner.ch\/index.php?rest_route=\/wp\/v2\/users\/1"}],"replies":[{"embeddable":true,"href":"https:\/\/salettiner.ch\/index.php?rest_route=%2Fwp%2Fv2%2Fcomments&post=159"}],"version-history":[{"count":5,"href":"https:\/\/salettiner.ch\/index.php?rest_route=\/wp\/v2\/pages\/159\/revisions"}],"predecessor-version":[{"id":2543,"href":"https:\/\/salettiner.ch\/index.php?rest_route=\/wp\/v2\/pages\/159\/revisions\/2543"}],"up":[{"embeddable":true,"href":"https:\/\/salettiner.ch\/index.php?rest_route=\/wp\/v2\/pages\/157"}],"wp:attachment":[{"href":"https:\/\/salettiner.ch\/index.php?rest_route=%2Fwp%2Fv2%2Fmedia&parent=159"}],"curies":[{"name":"wp","href":"https:\/\/api.w.org\/{rel}","templated":true}]}}