{"id":149,"date":"2015-02-11T12:50:43","date_gmt":"2015-02-11T11:50:43","guid":{"rendered":"https:\/\/salettiner.ch\/?page_id=149"},"modified":"2024-06-20T14:34:59","modified_gmt":"2024-06-20T12:34:59","slug":"polnische-provinz","status":"publish","type":"page","link":"https:\/\/salettiner.ch\/?page_id=149","title":{"rendered":"Polnische Provinz"},"content":{"rendered":"<div class=\"row\">\n<div class=\"eight columns\">\n<p>Die ersten Salettiner kamen nach Polen am 16. September 1902 aus der Schweiz. Sie wollten Polnisch lernen, um dann unter den polnischen Auswanderern in den USA zu wirken. Es waren: P. J\u00f3zef Fux MS (1872-1913) \u2013 Vorgesetzter, P. Gabriel Van Roth MS (1875-1941), P. Salomon Schalbetter MS (1873-1934), P. Oswald Loretan MS (1876-1964) und P. Franciszek Schnyder MS (1872-1929).Im Jahre 1904 fuhren P. Fux und P. Loretan in die USA. Die drei \u00fcbrigen blieben in Polen und gr\u00fcndeten dort das salettinische Werk. Die Polnische Provinz der Salettiner, die 1934 gegr\u00fcndet wurde, umfasst folgende Kommunit\u00e4ten und Pfarreien in Polen: D\u0119bowiec &#8211; Kloster (seit 1910), Kobylanka (seit 1930), Rzesz\u00f3w (seit 1936), Trzcianka (seit 1945), Sobieszewo (seit 1946), Ku\u017anica Czarnkowska (seit 1946), Warszawa (seit 1948), \u0141\u0119towe (seit 1952), Zakopane (seit 1958), Olsztyn (seit 1958), Warszawa \u2013 Pfarrei (seit1958),\u00a0Krak\u00f3w &#8211; Priesterseminar (seit 1971), D\u0119bowiec &#8211; Pfarrei (seit 1973), Krak\u00f3w &#8211; Pfarrei (seit 1983), \u0141apsze Wy\u017cne (seit 1984), Mr\u0105gowo (seit 1990) und Mys\u0142owice &#8211; Krasowy (seit 1996). Ausserhalb Polens wirken wir auch in Belgien, in Deutschland, <a name=\"_Toc377581202\"><\/a>in England, in Liechtenstein, in der Schweiz, in der Slowakei, in Tschechien, in der Ukraine und in Weissrussland.<\/p>\n<p>Mehr dazu unter: <a href=\"http:\/\/www.saletyni.pl\">www.saletyni.pl<\/a><\/p>\n<\/div>\n<div class=\"four columns\">\n<div class=\"img-title\"><a href=\"https:\/\/salettiner.ch\/wp-content\/uploads\/2015\/02\/Unsere-Kongregation-Polnische-Provinz-1.jpg\" rel=\"lightbox[149]\"><img decoding=\"async\" loading=\"lazy\" width=\"300\" height=\"280\" class=\"alignnone size-full wp-image-935\" src=\"https:\/\/salettiner.ch\/wp-content\/uploads\/2015\/02\/Unsere-Kongregation-Polnische-Provinz-1.jpg\" alt=\"Unsere-Kongregation---Polnische-Provinz---1\" \/><\/a>Salettiner in Polen<\/div>\n<div class=\"img-title\"><a href=\"https:\/\/salettiner.ch\/wp-content\/uploads\/2015\/02\/Unsere-Kongregation-Polnische-Provinz-2.jpg\" rel=\"lightbox[149]\"><img decoding=\"async\" loading=\"lazy\" width=\"651\" height=\"444\" class=\"alignnone size-full wp-image-936\" src=\"https:\/\/salettiner.ch\/wp-content\/uploads\/2015\/02\/Unsere-Kongregation-Polnische-Provinz-2.jpg\" alt=\"Unsere-Kongregation---Polnische-Provinz---2\" srcset=\"https:\/\/salettiner.ch\/wp-content\/uploads\/2015\/02\/Unsere-Kongregation-Polnische-Provinz-2.jpg 651w, https:\/\/salettiner.ch\/wp-content\/uploads\/2015\/02\/Unsere-Kongregation-Polnische-Provinz-2-300x204.jpg 300w\" sizes=\"(max-width: 651px) 100vw, 651px\" \/><\/a>Die ersten Schweizer Patres in Polen<\/div>\n<\/div>\n<\/div>\n<div class=\"row\">\n<div class=\"four columns\">\n<div class=\"img-title\"><a href=\"https:\/\/salettiner.ch\/wp-content\/uploads\/2015\/02\/Unsere-Kongregation-Polnische-Provinz-3.jpg\" rel=\"lightbox[149]\"><img decoding=\"async\" loading=\"lazy\" class=\"alignnone wp-image-937 size-medium\" style=\"height: 176px; width: auto;\" src=\"https:\/\/salettiner.ch\/wp-content\/uploads\/2015\/02\/Unsere-Kongregation-Polnische-Provinz-3-300x225.jpg\" alt=\"Unsere-Kongregation---Polnische-Provinz---3\" width=\"300\" height=\"225\" \/><\/a><br \/>Die Basilika in Debowiec<\/div>\n<\/div>\n<div class=\"four columns\">\n<div class=\"img-title\"><a href=\"https:\/\/salettiner.ch\/wp-content\/uploads\/2015\/02\/Unsere-Kongregation-Polnische-Provinz-4.jpg\" rel=\"lightbox[149]\"><img decoding=\"async\" loading=\"lazy\" class=\"alignnone wp-image-938 size-medium\" style=\"height: 176px; width: auto;\" src=\"https:\/\/salettiner.ch\/wp-content\/uploads\/2015\/02\/Unsere-Kongregation-Polnische-Provinz-4-300x225.jpg\" alt=\"Unsere-Kongregation---Polnische-Provinz---4\" width=\"300\" height=\"225\" srcset=\"https:\/\/salettiner.ch\/wp-content\/uploads\/2015\/02\/Unsere-Kongregation-Polnische-Provinz-4-300x225.jpg 300w, https:\/\/salettiner.ch\/wp-content\/uploads\/2015\/02\/Unsere-Kongregation-Polnische-Provinz-4.jpg 900w\" sizes=\"(max-width: 300px) 100vw, 300px\" \/><\/a><br \/>Der Kalvarienberg in Debowiec<\/div>\n<\/div>\n<div class=\"four columns\">\n<div class=\"img-title\"><a href=\"https:\/\/salettiner.ch\/wp-content\/uploads\/2015\/02\/Schweizer-Distrikt-Polnische-Provinz-e1431698402322.jpg\" rel=\"lightbox[149]\"><img decoding=\"async\" loading=\"lazy\" width=\"300\" height=\"200\" class=\"alignnone size-medium wp-image-1057\" src=\"https:\/\/salettiner.ch\/wp-content\/uploads\/2015\/02\/Schweizer-Distrikt-Polnische-Provinz-300x200.jpg\" alt=\"Schweizer Distrikt - Polnische Provinz\" \/><\/a>Das Heiligtum in Debowiec<\/div>\n<\/div>\n<\/div>\n","protected":false},"excerpt":{"rendered":"<p>Die ersten Salettiner kamen nach Polen am 16. September 1902 aus der Schweiz. Sie wollten Polnisch lernen, um dann unter den polnischen Auswanderern in den USA zu wirken. Es waren: P. J\u00f3zef Fux MS (1872-1913) \u2013 Vorgesetzter, P. Gabriel Van Roth MS (1875-1941), P. Salomon Schalbetter MS (1873-1934), P. Oswald Loretan MS (1876-1964) und P. [&hellip;]<\/p>\n","protected":false},"author":1,"featured_media":0,"parent":11,"menu_order":0,"comment_status":"open","ping_status":"open","template":"","meta":{"_bbp_topic_count":0,"_bbp_reply_count":0,"_bbp_total_topic_count":0,"_bbp_total_reply_count":0,"_bbp_voice_count":0,"_bbp_anonymous_reply_count":0,"_bbp_topic_count_hidden":0,"_bbp_reply_count_hidden":0,"_bbp_forum_subforum_count":0,"_monsterinsights_skip_tracking":false,"_monsterinsights_sitenote_active":false,"_monsterinsights_sitenote_note":"","_monsterinsights_sitenote_category":0},"_links":{"self":[{"href":"https:\/\/salettiner.ch\/index.php?rest_route=\/wp\/v2\/pages\/149"}],"collection":[{"href":"https:\/\/salettiner.ch\/index.php?rest_route=\/wp\/v2\/pages"}],"about":[{"href":"https:\/\/salettiner.ch\/index.php?rest_route=\/wp\/v2\/types\/page"}],"author":[{"embeddable":true,"href":"https:\/\/salettiner.ch\/index.php?rest_route=\/wp\/v2\/users\/1"}],"replies":[{"embeddable":true,"href":"https:\/\/salettiner.ch\/index.php?rest_route=%2Fwp%2Fv2%2Fcomments&post=149"}],"version-history":[{"count":25,"href":"https:\/\/salettiner.ch\/index.php?rest_route=\/wp\/v2\/pages\/149\/revisions"}],"predecessor-version":[{"id":5967,"href":"https:\/\/salettiner.ch\/index.php?rest_route=\/wp\/v2\/pages\/149\/revisions\/5967"}],"up":[{"embeddable":true,"href":"https:\/\/salettiner.ch\/index.php?rest_route=\/wp\/v2\/pages\/11"}],"wp:attachment":[{"href":"https:\/\/salettiner.ch\/index.php?rest_route=%2Fwp%2Fv2%2Fmedia&parent=149"}],"curies":[{"name":"wp","href":"https:\/\/api.w.org\/{rel}","templated":true}]}}