{"id":1061,"date":"2015-05-15T16:04:56","date_gmt":"2015-05-15T14:04:56","guid":{"rendered":"https:\/\/salettiner.ch\/?page_id=1061"},"modified":"2023-06-13T18:03:13","modified_gmt":"2023-06-13T16:03:13","slug":"uber-uns","status":"publish","type":"page","link":"https:\/\/salettiner.ch\/?page_id=1061","title":{"rendered":"\u00dcber uns"},"content":{"rendered":"<p>Am 2. Februar 2013 wurde die Schweizer Provinz der Salettiner aufgehoben und als Schweizer Distrikt in die Polnische Provinz integriert. Dazu geh\u00f6ren zwei Kommunit\u00e4ten: Engerazhofen (Deutschland) und M\u00f6rschwil (Schweiz). Der Schweizer Distrikt z\u00e4hlt 15 Mitglieder (2023). Er wird vermehrt von den polnischen Mitbr\u00fcdern unterst\u00fctzt.<\/p>\n<p>Dem Distrikt steht der Distriktobere mit Sitz in der Unteren Waid, M\u00f6rschwil vor. Er ist zust\u00e4ndig f\u00fcr die wichtigsten Angelegenheiten der Mitbr\u00fcder und die Koordination der T\u00e4tigkeiten in allen Kommunit\u00e4ten. Der Distriktrat steht ihm zur Seite. Dieser Rat besteht aus den Hausoberen der Kommunit\u00e4ten und dem Distriktverwalter.<\/p>\n<div class=\"row\">\n<div class=\"four columns\">\n<div class=\"img-title\"><img decoding=\"async\" loading=\"lazy\" width=\"300\" height=\"168\" class=\"alignnone size-medium wp-image-1118\" src=\"https:\/\/salettiner.ch\/wp-content\/uploads\/2015\/05\/Schweizer-Distrikt-Schweizer-Distrikt-3-300x168.jpg\" alt=\"Schweizer Distrikt - Schweizer Distrikt - 2\" srcset=\"https:\/\/salettiner.ch\/wp-content\/uploads\/2015\/05\/Schweizer-Distrikt-Schweizer-Distrikt-3-300x168.jpg 300w, https:\/\/salettiner.ch\/wp-content\/uploads\/2015\/05\/Schweizer-Distrikt-Schweizer-Distrikt-3-1024x576.jpg 1024w, https:\/\/salettiner.ch\/wp-content\/uploads\/2015\/05\/Schweizer-Distrikt-Schweizer-Distrikt-3.jpg 1920w\" sizes=\"(max-width: 300px) 100vw, 300px\" \/>Engerazhofen, Deutschland<\/div>\n<\/div>\n<div class=\"four columns\">\n<div class=\"img-title\"><img decoding=\"async\" class=\"alignnone size-medium wp-image-1119\" src=\"https:\/\/salettiner.ch\/wp-content\/uploads\/2015\/05\/flaga_szwajcarska.jpg\" alt=\"Schweizer Distrikt - Schweizer Distrikt - 3\" \/>M\u00f6rschwil, Schweiz<\/div>\n<\/div>\n<\/div>\n","protected":false},"excerpt":{"rendered":"<p>Am 2. Februar 2013 wurde die Schweizer Provinz der Salettiner aufgehoben und als Schweizer Distrikt in die Polnische Provinz integriert. Dazu geh\u00f6ren zwei Kommunit\u00e4ten: Engerazhofen (Deutschland) und M\u00f6rschwil (Schweiz). Der Schweizer Distrikt z\u00e4hlt 15 Mitglieder (2023). Er wird vermehrt von den polnischen Mitbr\u00fcdern unterst\u00fctzt. Dem Distrikt steht der Distriktobere mit Sitz in der Unteren Waid, [&hellip;]<\/p>\n","protected":false},"author":1,"featured_media":0,"parent":14,"menu_order":0,"comment_status":"open","ping_status":"open","template":"","meta":{"_bbp_topic_count":0,"_bbp_reply_count":0,"_bbp_total_topic_count":0,"_bbp_total_reply_count":0,"_bbp_voice_count":0,"_bbp_anonymous_reply_count":0,"_bbp_topic_count_hidden":0,"_bbp_reply_count_hidden":0,"_bbp_forum_subforum_count":0,"_monsterinsights_skip_tracking":false,"_monsterinsights_sitenote_active":false,"_monsterinsights_sitenote_note":"","_monsterinsights_sitenote_category":0},"_links":{"self":[{"href":"https:\/\/salettiner.ch\/index.php?rest_route=\/wp\/v2\/pages\/1061"}],"collection":[{"href":"https:\/\/salettiner.ch\/index.php?rest_route=\/wp\/v2\/pages"}],"about":[{"href":"https:\/\/salettiner.ch\/index.php?rest_route=\/wp\/v2\/types\/page"}],"author":[{"embeddable":true,"href":"https:\/\/salettiner.ch\/index.php?rest_route=\/wp\/v2\/users\/1"}],"replies":[{"embeddable":true,"href":"https:\/\/salettiner.ch\/index.php?rest_route=%2Fwp%2Fv2%2Fcomments&post=1061"}],"version-history":[{"count":16,"href":"https:\/\/salettiner.ch\/index.php?rest_route=\/wp\/v2\/pages\/1061\/revisions"}],"predecessor-version":[{"id":5553,"href":"https:\/\/salettiner.ch\/index.php?rest_route=\/wp\/v2\/pages\/1061\/revisions\/5553"}],"up":[{"embeddable":true,"href":"https:\/\/salettiner.ch\/index.php?rest_route=\/wp\/v2\/pages\/14"}],"wp:attachment":[{"href":"https:\/\/salettiner.ch\/index.php?rest_route=%2Fwp%2Fv2%2Fmedia&parent=1061"}],"curies":[{"name":"wp","href":"https:\/\/api.w.org\/{rel}","templated":true}]}}